e factors of 1930053.
3, 367, 1753
List the prime factors of 5774127.
3, 23, 67, 1249
List the prime factors of 32482.
2, 109, 149
List the prime factors of 3657143.
7, 522449
List the prime factors of 1404978.
2, 3, 23, 10181
What are the prime factors of 1657179?
3, 41, 499
What are the prime factors of 1604795?
5, 193, 1663
List the prime factors of 21926850.
2, 3, 5, 11, 97, 137
What are the prime factors of 752003?
7, 103, 149
List the prime factors of 2415953.
67, 107, 337
What are the prime factors of 2817064?
2, 352133
What are the prime factors of 1092538?
2, 19, 28751
What are the prime factors of 516559?
41, 43, 293
List the prime factors of 1219552.
2, 23, 1657
List the prime factors of 466022.
2, 389, 599
List the prime factors of 72569.
7, 1481
What are the prime factors of 479282?
2, 239641
List the prime factors of 1170629.
47, 24907
What are the prime factors of 1386828?
2, 3, 12841
List the prime factors of 965304.
2, 3, 41, 109
What are the prime factors of 2632227?
3, 13, 67493
List the prime factors of 2409769.
2409769
List the prime factors of 93840.
2, 3, 5, 17, 23
What are the prime factors of 8747557?
7, 13, 97, 991
List the prime factors of 1580479.
1580479
List the prime factors of 701692.
2, 17, 607
List the prime factors of 198918.
2, 3, 43, 257
What are the prime factors of 6988546?
2, 3494273
What are the prime factors of 215287?
461, 467
What are the prime factors of 1701889?
7, 37, 6571
List the prime factors of 168300.
2, 3, 5, 11, 17
List the prime factors of 235525.
5, 9421
List the prime factors of 631814.
2, 315907
List the prime factors of 2063335.
5, 412667
List the prime factors of 4204229.
839, 5011
List the prime factors of 404161.
404161
What are the prime factors of 889985?
5, 23, 71, 109
What are the prime factors of 834854?
2, 23, 18149
List the prime factors of 2540922.
2, 3, 17, 29, 859
What are the prime factors of 206206?
2, 7, 11, 13, 103
What are the prime factors of 2349897?
3, 11, 71209
What are the prime factors of 3814826?
2, 23, 127, 653
List the prime factors of 339260.
2, 5, 16963
List the prime factors of 597993.
3, 11, 18121
What are the prime factors of 317812?
2, 11, 31, 233
What are the prime factors of 9444367?
17, 31, 17921
List the prime factors of 317044.
2, 7, 13, 67
List the prime factors of 1365038.
2, 682519
List the prime factors of 1482689.
13, 17, 6709
List the prime factors of 443096.
2, 97, 571
What are the prime factors of 1557482?
2, 59, 67, 197
What are the prime factors of 344358?
2, 3, 7, 911
List the prime factors of 6617738.
2, 19, 349, 499
What are the prime factors of 5650595?
5, 53, 21323
What are the prime factors of 308833?
7, 44119
What are the prime factors of 294197?
67, 4391
List the prime factors of 187205.
5, 37441
What are the prime factors of 1132239?
3, 53, 7121
List the prime factors of 347378.
2, 17, 601
List the prime factors of 321373.
13, 59, 419
What are the prime factors of 5527?
5527
What are the prime factors of 361336?
2, 31, 47
List the prime factors of 8471546.
2, 4235773
What are the prime factors of 1261740?
2, 3, 5, 17, 1237
List the prime factors of 574722.
2, 3, 29, 367
List the prime factors of 98176.
2, 13, 59
List the prime factors of 6876325.
5, 275053
List the prime factors of 1307550.
2, 3, 5, 23, 379
What are the prime factors of 176664?
2, 3, 17, 433
List the prime factors of 422391.
3, 140797
What are the prime factors of 1688953?
7, 89, 2711
What are the prime factors of 111797?
7, 15971
What are the prime factors of 20639997?
3, 7, 327619
List the prime factors of 211897.
7, 30271
List the prime factors of 16453749.
3, 13, 421891
List the prime factors of 21580832.
2, 7, 13, 7411
What are the prime factors of 1943336?
2, 421, 577
List the prime factors of 680062.
2, 340031
What are the prime factors of 10390?
2, 5, 1039
What are the prime factors of 37377472?
2, 11, 53093
What are the prime factors of 62181?
3, 7, 47
What are the prime factors of 493159?
493159
List the prime factors of 1714114.
2, 31, 27647
What are the prime factors of 2541008?
2, 31, 47, 109
What are the prime factors of 36678834?
2, 3, 2037713
List the prime factors of 61580.
2, 5, 3079
What are the prime factors of 640536?
2, 3, 13, 2053
List the prime factors of 325498.
2, 162749
What are the prime factors of 5230539?
3, 581171
List the prime factors of 1331775.
3, 5, 1973
What are the prime factors of 825680?
2, 5, 10321
What are the prime factors of 285363?
3, 13, 271
List the prime factors of 266056.
2, 7, 4751
What are the prime factors of 354194?
2, 409, 433
What are the prime factors of 6802140?
2, 3, 5, 73, 1553
List the prime factors of 78615.
3, 5, 1747
What are the prime factors of 11519354?
2, 7, 11, 131, 571
List the prime factors of 29392954.
2, 47, 6653
What are the prime factors of 4417687?
853, 5179
What are the prime factors of 52145?
5, 10429
What are the prime factors of 1096260?
2, 3, 5, 11, 151
List the prime factors of 33776169.
3, 7, 41, 39229
List the prime factors of 432009.
3, 23, 2087
List the prime factors of 103496.
2, 17, 761
What are the prime factors of 808734?
2, 3, 134789
List the prime factors of 1637400.
2, 3, 5, 2729
List the prime factors of 913370.
2, 5, 149, 613
List the prime factors of 4720025.
5, 188801
List the prime factors of 29423955.
3, 5, 11, 178327
List the prime factors of 540529.
11, 49139
What are the prime factors of 846737?
523, 1619
List the prime factors of 308072.
2, 97, 397
What are the prime factors of 106895?
5, 21379
List the prime factors of 5022085.
5, 313, 3209
List the prime factors of 15083424.
2, 3, 83, 631
List the prime factors of 3896447.
3896447
List the prime factors of 1029541.
31, 33211
List the prime factors of 364587.
3, 53, 2293
What are the prime factors of 1076423?
17, 23, 2753
What are the prime factors of 1746189?
3, 17, 101, 113
List the prime factors of 99237.
3, 19, 1741
What are the prime factors of 6705304?
2, 41, 20443
List the prime factors of 199181.
199181
What are the prime factors of 181311?
3, 13, 4649
What are the prime factors of 299056?
2, 18691
List the prime factors of 4217252.
2, 13, 81101
List the prime factors of 1629993.
3, 59, 9209
List the prime factors of 193319.
7, 27617
What are the prime factors of 1239248?
2, 73, 1061
What are the prime factors of 55671?
3, 7, 11, 241
What are the prime factors of 8924234?
2, 11, 36877
What are the prime factors of 10267934?
2, 107, 47981
What are the prime factors of 2715936?
2, 3, 19, 1489
List the prime factors of 578582.
2, 289291
What are the prime factors of 2577335?
5, 499, 1033
What are the prime factors of 1331933?
17, 47, 1667
List the prime factors of 4458256.
2, 11, 73, 347
What are the prime factors of 2681110?
2, 5, 23, 11657
What are the prime factors of 4199512?
2, 524939
List the prime factors of 4802519.
4802519
What are the prime factors of 1639049?
23, 71263
List the prime factors of 2548218.
2, 3, 239, 1777
What are the prime factors of 252862?
2, 23, 239
What are the prime factors of 336672?
2, 3, 7, 167
List the prime factors of 3782834.
2, 11, 171947
List the prime factors of 1368681.
3, 31, 14717
What are the prime factors of 785911?
7, 43, 373
List the prime factors of 201431.
157, 1283
List the prime factors of 5544979.
11, 19, 43, 617
List the prime factors of 22669.
22669
What are the prime factors of 3634362?
2, 3, 17, 37, 107
What are the prime factors of 21714947?
21714947
What are the prime factors of 4137327?
3, 459703
List the prime factors of 622444.
2, 61, 2551
What are the prime factors of 1422280?
2, 5, 31, 37
List the prime factors of 14619965.
5, 71, 41183
What are the prime factors of 10386201?
3, 7, 17, 47, 619
What are the prime factors of 26382?
2, 3, 4397
What are the prime factors of 270431?
7, 5519
List the prime factors of 9155957.
293, 31249
What are the prime factors of 91497?
3, 7, 4357
List the prime factors of 463089.
3, 11, 14033
List the prime factors of 18560602.
2, 9280301
What are the prime factors of 202205?
5, 37, 1093
List the prime factors of 741290.
2, 5, 11, 23, 293
What are the prime factors of 4471039?
23, 349, 557
List the prime factors of 487898.
2, 89, 2741
What are the prime factors of 399346?
2, 199673
What are the prime factors 